080 a multiple of 143?
True
Does 858 divide 3396347?
False
Is 1293560 a multiple of 18?
False
Is 9432528 a multiple of 201?
True
Is 24948 a multiple of 49?
False
Does 475 divide 367175?
True
Is 97 a factor of 2918593?
False
Is 15 a factor of 18830?
False
Does 6 divide 3700450?
False
Does 153 divide 2365992?
True
Does 35 divide 288365?
True
Does 7 divide 225670?
False
Is 331847 a multiple of 29?
True
Is 53108 a multiple of 187?
True
Does 264 divide 4717152?
True
Is 30395 a multiple of 45?
False
Is 168 a factor of 280896?
True
Is 12 a factor of 225995?
False
Does 22 divide 95765?
False
Does 74 divide 7737?
False
Is 6336892 a multiple of 212?
True
Is 152723 a multiple of 17?
False
Does 15 divide 437115?
True
Does 295 divide 241605?
True
Does 18 divide 92574?
True
Is 393017 a multiple of 271?
False
Is 913151 a multiple of 28?
False
Does 36 divide 16171776?
True
Does 29 divide 1439691?
False
Is 1315 a factor of 2438430?
False
Is 327 a factor of 24886?
False
Does 28 divide 960400?
True
Does 7 divide 140924?
True
Does 20 divide 361000?
True
Is 2 a factor of 396473?
False
Does 11 divide 134784?
False
Does 15 divide 15009411?
False
Does 237 divide 1095673?
False
Does 116 divide 59094?
False
Is 112 a factor of 241593?
False
Is 6 a factor of 7503050?
False
Is 401548 a multiple of 74?
False
Does 101 divide 936065?
False
Is 9299191 a multiple of 75?
False
Is 53 a factor of 20556422?
False
Does 15 divide 212027?
False
Does 761 divide 7094777?
False
Does 227 divide 22376440?
False
Does 384 divide 7601595?
False
Is 29100117 a multiple of 231?
False
Is 120 a factor of 30206?
False
Is 1947790 a multiple of 111?
False
Is 37352 even?
True
Is 16 a factor of 214248?
False
Is 1258780 a multiple of 28?
False
Is 66 a factor of 1285194?
False
Does 15 divide 285495?
True
Is 86 a factor of 640786?
True
Is 18 a factor of 565735?
False
Does 94 divide 6421422?
True
Is 742 a factor of 4533620?
True
Is 6926095 a multiple of 55?
True
Is 7947797 a multiple of 24?
False
Is 12118416 a multiple of 408?
True
Does 26 divide 14278?
False
Is 233121 a multiple of 15?
False
Does 595 divide 205177?
False
Is 339 a factor of 4787731?
False
Is 281 a factor of 60415?
True
Is 1260252 a multiple of 378?
True
Is 145306 a multiple of 116?
False
Is 31906 a multiple of 14?
True
Is 4629464 a multiple of 1832?
True
Is 1188770 a multiple of 22?
True
Is 33 a factor of 1414759?
False
Is 681 a factor of 809709?
True
Is 498 a factor of 4284446?
False
Is 262962 a multiple of 7?
True
Does 199 divide 865851?
False
Does 8 divide 5867472?
True
Is 590380 a multiple of 133?
False
Is 270732 a multiple of 308?
True
Is 6 a factor of 1264303?
False
Is 10 a factor of 1315680?
True
Does 124 divide 678900?
True
Does 86 divide 256710?
True
Does 26 divide 73970?
True
Is 21 a factor of 275289?
True
Is 30 a factor of 174780?
True
Is 411174 a multiple of 947?
False
Is 178 a factor of 7901064?
True
Does 779 divide 21518?
False
Is 50 a factor of 218000?
True
Is 940551 a multiple of 306?
False
Is 8 a factor of 62796?
False
Is 1181 a factor of 2638139?
False
Is 421550 a multiple of 6?
False
Is 65 a factor of 7121855?
True
Does 10 divide 50297?
False
Is 14 a factor of 9393870?
False
Does 62 divide 15296?
False
Is 365904 a multiple of 27?
True
Does 8 divide 956904?
True
Does 65 divide 294269?
False
Is 36 a factor of 500542?
False
Is 196461 a multiple of 792?
False
Is 39 a factor of 302793?
False
Is 3101424 a multiple of 16?
True
Is 365682 a multiple of 7?
False
Does 611 divide 1240941?
True
Is 42 a factor of 1974126?
True
Is 8578570 a multiple of 11?
True
Does 14 divide 370907?
False
Is 57 a factor of 4460934?
True
Is 162 a factor of 450846?
True
Is 26 a factor of 175578?
True
Is 1965384 a multiple of 9?
True
Is 104172 a multiple of 107?
False
Is 556248 a multiple of 33?
True
Does 33 divide 5998120?
False
Is 8373856 a multiple of 7?
False
Is 6620307 a multiple of 8?
False
Is 43 a factor of 200403?
False
Is 768 a factor of 4720896?
True
Is 50636 a multiple of 4?
True
Does 39 divide 5271123?
True
Does 6 divide 3504922?
False
Is 22 a factor of 11205810?
True
Is 18609150 a multiple of 105?
True
Is 13 a factor of 243344?
False
Is 65 a factor of 45671?
False
Is 6808212 a multiple of 285?
False
Is 1074394 even?
True
Is 6 a factor of 47630?
False
Is 12 a factor of 2687192?
False
Is 8 a factor of 112568?
True
Does 309 divide 119797?
False
Is 151 a factor of 64290?
False
Does 58 divide 33060?
True
Does 3 divide 29513?
False
Is 8536992 a multiple of 32?
True
Is 3614540 a multiple of 1458?
False
Is 70 a factor of 11043480?
True
Is 149554 a multiple of 37?
True
Is 295 a factor of 567875?
True
Is 76 a factor of 6672732?
False
Does 45 divide 6679980?
True
Does 252 divide 122724?
True
Is 1682523 a multiple of 9?
True
Is 61 a factor of 321954?
False
Is 531142 a multiple of 211?
False
Does 30 divide 72900?
True
Does 16 divide 4110790?
False
Is 290411 a multiple of 11?
True
Is 24 a factor of 801448?
False
Does 12 divide 3168?
True
Does 118 divide 2004283?
False
Does 132 divide 252780?
True
Is 157 a factor of 9577?
True
Does 6 divide 35748?
True
Is 262 a factor of 1101818?
False
Does 357 divide 175644?
True
Does 16 divide 15712?
True
Is 6 a factor of 170658?
True
Is 16014 a multiple of 10?
False
Is 3 a factor of 619499?
False
Is 41105 a multiple of 14?
False
Is 11076198 a multiple of 1806?
True
Does 25 divide 249475?
True
Does 26 divide 36742798?
False
Is 366 a factor of 155087?
False
Is 1159385 a multiple of 23?
False
Is 2126550 a multiple of 9?
False
Does 20 divide 306120?
True
Is 35020 a multiple of 42?
False
Is 2368935 a multiple of 38?
False
Does 365 divide 178485?
True
Is 14 a factor of 2189208?
True
Does 83 divide 705749?
True
Is 459462 a multiple of 219?
True
Is 8175332 a multiple of 22?
True
Is 48 a factor of 563317?
False
Is 21 a factor of 720300?
True
Does 20 divide 1390816?
False
Does 112 divide 40547?
False
Is 755 a factor of 2875718?
False
Does 167 divide 438476?
False
Does 82 divide 235309?
False
Does 42 divide 130046?
False
Does 64 divide 629725?
False
Does 32 divide 610317?
False
Is 72 a factor of 22696?
False
Is 1423710 a multiple of 45?
True
Does 586 divide 144156?
True
Is 4 a factor of 137798?
False
Is 530660 a multiple of 126?
False
Is 37 a factor of 2757758?
True
Is 21 a factor of 626619?
True
Is 640202 a multiple of 232?
False
Is 91043 a multiple of 17?
False
Is 17706843 a multiple of 10?
False
Is 5213106 a multiple of 19?
True
Does 3 divide 1161410?
False
Does 37 divide 59533?
True
Is 11 a factor of 329780?
True
Is 65 a factor of 321893?
False
Is 186 a factor of 694000?
False
Is 31 a factor of 241197?
False
Does 127 divide 187506?
False
Does 22 divide 693529?
False
Is 893041 a multiple of 140?
False
Does 9 divide 15640?
False
Is 206 a factor of 1654243?
False
Is 44 a factor of 11026004?
True
Does 10 divide 102674?
False
Does 4 divide 513320?
True
Does 440 divide 7736520?
True
Does 2 divide 1403999?
False
Is 458 a factor of 1890400?
False
Does 64 divide 837643?
False
Is 48712 a multiple of 32?
False
Does 87 divide 4690676?
False
Is 18 a factor of 16603200?
True
Is 5230565 a multiple of 64?
False
Is 54 a factor of 257540?
False
Does 38 divide 3675816?
True
Is 955828 a multiple of 268?
False
Is 544 a factor of 3714976?
True
Is 771943 a multiple of 182?
False
Is 265160 a multiple of 14?
True
Is 583 a factor of 9297616?
False
Is 432 a factor of 31268211?
False
Is 1905540 a multiple of 52?
True
Is 642831 a multiple of 7?
True
Is 31138 a multiple of 187?
False
Does 116 divide 127716?
True
Is 12 a factor of 32832?
True
Is 52572 a multiple of 39?
True
Is 165218 a multiple of 3?
False
Does 547 divide 633276?
False
Does 121 divide 237420?
False
Is 146 a factor of 517862?
True
Is 308 a factor of 4086403?
False
Does 145 divide 412212?
False
Is 32804 a multiple of 139?
True
Is 35024 a multiple of 16?
True
Is 6145321 a multiple of 13?
True
Is 2124760 a multiple of 5?
True
Does 29 divide 316085?
False
Is 22 a factor of 5710210?
True
Is 17170 a multiple of 202?
True
Does 395 divide 23700?
True
Is 161 a factor of 446131?
True
Is 5607900 a multiple of 1005?
True
Is 183678 a multiple of 9?
False
Does 13 divide 461357?
True
Is 1220016 a multiple of 336?
True
Is 8 a factor of 589904?
True
Is 450 a factor of 5769900?
True
Is 2120804 a multipl